= -j, -3*d = d + 5*j - 868. What is the highest common factor of 31 and d?
31
Let t(r) = -2*r - 2. Let m be t(-7). Suppose 2*j + d - 274 = -4*d, -4*d = -5*j + 652. What is the greatest common divisor of j and m?
12
Let s be 10/(-45) - 1298/(-9). Calculate the greatest common factor of s and 18.
18
Let z = -267 + 399. What is the highest common factor of 330 and z?
66
Let i be (9/(-2))/((-12)/16). Calculate the highest common factor of i and 4.
2
Let j = 295 + -105. What is the greatest common divisor of 10 and j?
10
Suppose -4*r + 3*d = -10, d + 4 = 2*r - 2. Suppose -r*v = -0*v - 24. What is the highest common factor of 42 and v?
6
Let d = 54 + -38. Calculate the greatest common factor of d and 32.
16
Suppose 4*s - 38 - 34 = 0. Calculate the greatest common divisor of s and 54.
18
Let y be 1/2*2 + 8. Suppose -11*i + 68 = -9*i. Let b be 208/i - 10/85. What is the greatest common factor of b and y?
3
Suppose -4*a + 6*r - 2*r = -148, 0 = 5*a + 2*r - 206. Calculate the greatest common divisor of a and 32.
8
Let w be (-4)/(-14) - 89/(-7). Calculate the highest common factor of 117 and w.
13
Let p be -4 + 2 - -5 - -1. What is the highest common divisor of p and 2?
2
Suppose 0 = -3*i + 2 + 7. Suppose -19 - i = -k. Suppose 3*m = -m + 220. Calculate the greatest common factor of k and m.
11
Let q = 156 - 114. Calculate the greatest common divisor of 21 and q.
21
Suppose -4 - 36 = -4*w. Suppose -g + w = -8. Suppose 2*i - s - 28 = g, 5*s + 41 = i. Calculate the highest common divisor of i and 3.
3
Let m = 75 + -68. What is the greatest common factor of 63 and m?
7
Let s(g) = 14*g - 1. Let p(j) = -28*j + 1. Let d(z) = 3*p(z) + 5*s(z). Let t be d(-1). What is the greatest common factor of t and 96?
12
Let v(x) = x**2 + x + 6. Let n = 10 - 5. Suppose 4*k = 3*k + n. Let i be v(k). What is the greatest common divisor of 12 and i?
12
Let b be (14 + 7)*1/(-1). Let x = 32 + b. Calculate the highest common factor of 88 and x.
11
Let t = -84 + 89. What is the greatest common divisor of t and 60?
5
Let o(f) = f**2 - 4*f. Let s be o(4). Suppose s = -2*d - 2*d + 28. Suppose 2*h - 5*t = 29, h - 4*t - 22 = -3. What is the greatest common divisor of d and h?
7
Suppose -3*q = 4*v - 82, -14 + 81 = 3*v + 5*q. Calculate the greatest common factor of v and 19.
19
Let s be (-4)/(-10) - (-377)/(-5). Let o = 131 + s. What is the highest common divisor of 14 and o?
14
Let f(g) = -g + 11. Let u be f(9). Suppose 8 - u = n. Let v(l) = -l + 13. Let m be v(7). Calculate the greatest common factor of n and m.
6
Let y be 8/(-6) + (-680)/(-15). Let b be 10 - (0 - (-2 + 3)). Calculate the highest common divisor of b and y.
11
Suppose 7*g = 3*g + 1696. Let m be g/(-14) + (-2)/(-7). Let o = m - -42. Calculate the greatest common divisor of 36 and o.
12
Suppose -2*y = y + 9, -3*q + 3*y = 9. Let l(k) = k**3 + 5*k**2 - 8*k. Let i be l(q). Calculate the highest common factor of 120 and i.
12
Let a(m) = 2*m**2 - 20*m + 12. Let o be a(10). What is the greatest common divisor of 6 and o?
6
Let c be (-46)/(-10) + (-2)/(-5). Suppose c*u = 442 + 383. What is the highest common factor of 15 and u?
15
Suppose -4*j + 12 = -3*d - 9, 29 = 4*j + 5*d. Suppose -c - 3*h + 28 - j = 0, 0 = 3*h + 6. Let s = 122 + -52. Calculate the highest common factor of c and s.
14
Let d(p) = -p**3 + 6*p**2 - 2*p + 3. Let j be d(4). Let f = j - -3. Calculate the greatest common factor of f and 12.
6
Let k(t) = 2*t**3 + t**2 - t. Let u be k(2). Calculate the greatest common factor of u and 72.
18
Let a(g) = -g**3 - 11*g**2 + g + 13. Let p be a(-11). Calculate the highest common factor of p and 8.
2
Let a be 315/3 - (2 + -5). Calculate the greatest common factor of a and 12.
12
Let s(r) = -r**3 + 6*r**2 + r - 8. Let j be s(6). Let t be (-5)/j*68/10. Suppose -357 = -h - 2*h. Calculate the highest common divisor of t and h.
17
Let x(z) = 2*z - 6. Let p be x(5). Let y be (1 + 0)/((-3)/(-9)). Suppose -y = n - p*n. What is the highest common divisor of 2 and n?
1
Let b = -11 - -14. Suppose -k + b*k = 112. Let h be 0*(-2)/4 - -14. Calculate the highest common factor of k and h.
14
Let o(n) = 4*n**2 + 2*n + 1. Let j be o(-1). Let i be (-27)/(-2) - j/6. What is the greatest common divisor of 39 and i?
13
Let y(f) = 5*f**2 + 2*f - 1. Let v be y(4). Suppose -73 - v = -4*n. What is the highest common factor of 8 and n?
8
Suppose 0*t = 4*t + 8. Let b be 1*-1*2/t. Let q = b - -7. Calculate the highest common factor of q and 32.
8
Let y(g) = -47*g - 5. Let t be y(-4). Let i = t - 95. Calculate the greatest common factor of i and 11.
11
Suppose 0*o = 2*o + 10, -10 = v + 4*o. What is the highest common factor of v and 10?
10
Suppose -8 = -6*p + 16. Let t be (-2)/(-9) - 1278/(-81). What is the highest common divisor of t and p?
4
Suppose 0 = w + 4*u - 34, -3*w - 5*u + 104 + 33 = 0. Calculate the greatest common factor of w and 81.
27
Let k be 330/77 - (-4)/(-14). Suppose 5*l - 3*x - 2 = 3, -x = -5. Let y = l + 6. What is the highest common divisor of k and y?
2
Let b(p) = p + 85. Let g be b(-15). Suppose 0*m - 7 = -m. Calculate the greatest common factor of m and g.
7
Let z = 2 - 0. Let y be 62 + (-8)/z + 2. Calculate the highest common divisor of y and 24.
12
Let g(n) = n**3 + 4*n**2 - 10*n + 19. Let c be g(-6). Calculate the highest common divisor of c and 49.
7
Let g be (3/6)/((-1)/(-12)). Suppose 3*b - 2*x = 956, 0 = -b + 4*x + 70 + 242. Let s be b/6 + (-2)/(-3). Calculate the greatest common factor of s and g.
6
Suppose -225 = -6*c + c. Calculate the highest common divisor of 5 and c.
5
Let y be (-224)/(-10) + (-4)/10. Let z(o) = o**2 - 8*o + 6. Let a be z(8). Let k = a - 4. What is the greatest common divisor of y and k?
2
Let w be (-12)/16 - 70/(-8). Suppose 3*t + 0*y - w = 2*y, 3*y - 5 = -4*t. Let f be t/3 - 19/(-3). Calculate the highest common divisor of 1 and f.
1
Let x = -1 - -5. Calculate the highest common divisor of x and 1.
1
Let z(l) = l**3 - 6*l**2 + 8*l - 3. Let k = -6 - -12. Let d be z(k). Calculate the greatest common divisor of 18 and d.
9
Let s be 11/(-11)*58/2. Let q be 40/(-2) + (-2 - -1). Let l = q - s. Calculate the greatest common factor of 4 and l.
4
Let k be (-28)/(1*1/(-10)). Suppose g - k = -g. Suppose 0 = -0*q + 4*q - g. What is the greatest common factor of 7 and q?
7
Let k(g) = g**2 + 7*g - 14. Let q be k(-11). Let w = 3 - -7. What is the greatest common factor of w and q?
10
Let g be (15/6 - 3)/((-3)/42). Calculate the highest common factor of 7 and g.
7
Suppose -2*n = -0*n - 42. Suppose 4*j - 12 = -k - 1, -3*j + n = 5*k. What is the greatest common divisor of 5 and j?
1
Suppose 54 = 3*t - 42. Calculate the greatest common factor of 96 and t.
32
Let j(u) = 8*u**2 + 40*u + 5. Let r be j(-5). Suppose 0 = 2*x - 12 - 28. What is the highest common divisor of x and r?
5
Suppose -5*h = -0*h - 700. Suppose -f = 3*f - h. Calculate the highest common factor of f and 7.
7
Suppose -12 + 4 = -4*s. Let d = 6 + s. What is the greatest common factor of d and 8?
8
Let q(d) = 3*d - 12. Let x be q(5). Let i be -5*(x - (-162)/(-10)). Calculate the highest common divisor of 44 and i.
22
Let o be (-8)/(-16) + (-1)/(-2). Let h be ((3 + -45)/(-1))/o. What is the highest common factor of h and 28?
14
Let l(m) = -16*m + 8. Let w be l(-5). Calculate the highest common divisor of w and 11.
11
Let m(f) = 2*f + 1. Let t be m(2). Suppose -2*y = -9 + t. Calculate the greatest common factor of 2 and y.
2
Suppose -5*t + 5*u = -20, -5*t + 3*t - 2*u = 0. Calculate the greatest common divisor of 3 and t.
1
Let a = -6 - 8. Let w be 86/10 - a/35. What is the highest common factor of 9 and w?
9
Suppose -4*d + 6*d = -292. Let v be d/(-8) + (-1)/4. Let c(x) = 5*x**2 + 1. Let t be c(1). What is the greatest common factor of v and t?
6
Let c = -9 + 35. Calculate the greatest common factor of c and 117.
13
Let t(f) = 0 + 2*f**3 - 4 - f**3 - f**2 - f. Let n be t(3). Calculate the highest common divisor of 11 and n.
11
Suppose -814 = -49*f + 47*f. What is the highest common divisor of 37 and f?
37
Let i = 48 + -32. What is the greatest common divisor of i and 144?
16
Suppose -c + 2 + 1 = 0, 30 = 5*q + 5*c. Suppose -13 = -q*w + 11. Calculate the highest common divisor of w and 8.
8
Suppose 0 = 2*b + b - 3, -4*b = 5*j - 189. Suppose -29 = -2*u + j. S